t m = -94 - -217. Suppose -2*o = -3*o - m. What are the prime factors of (-2)/11 + o/(-11)?
11
What are the prime factors of 46*((-28)/(-8) + -3)?
23
Let k = 1 - -4. Suppose 0 = k*r - 20 + 5. Suppose t = 5*v - 11, r*v - t = 2*t + 9. List the prime factors of v.
2
Suppose -3*n - 3 = 0, -4*m - 7 = -0*n + 3*n. Let k be (-3)/(2 + 0 + m). List the prime factors of (-20)/k*(-9)/(-6).
2, 5
Let w(j) = j**3 - j + 42. List the prime factors of w(0).
2, 3, 7
Suppose -r + 11 + 119 = 0. What are the prime factors of r?
2, 5, 13
Let o be 30/4 - (-10)/20. Let d be (-1)/((4/6)/2). Let s = o + d. List the prime factors of s.
5
Let q(s) = 2*s**2 + 14*s + 23. What are the prime factors of q(-9)?
59
Suppose 5*p = 29 + 6. Let z = p - 2. Suppose 2*q - 2 = z*u, 4 - 2 = u. What are the prime factors of q?
2, 3
Let o be (1/(-3))/(-1)*6. Suppose 4*r + v = 40, -2*r - 4*v + o = -4. List the prime factors of r.
11
Suppose 24 = 4*q - 4*b, -5*q + 2*b = -20 - 4. Let z(o) be the second derivative of -o**4/12 + 4*o**3/3 + o**2/2 + 3*o. List the prime factors of z(q).
17
Let a = 19 - 8. List the prime factors of a.
11
Suppose 0 = 2*h - 13 + 5. Suppose 0 = -5*g + 4*s - 17 + 54, -h*g + 3*s = -29. List the prime factors of g.
5
Let x(z) = 3*z**2 + 7*z + 18. What are the prime factors of x(-7)?
2, 29
Let o be ((-5)/10)/(1/(-4)). Let l be (-2)/(-2)*1*o. Suppose 7*n - 10 = l*n. List the prime factors of n.
2
Let z(w) = w**2 - 21*w - 4. What are the prime factors of z(24)?
2, 17
Suppose 63*l = 62*l + 4. List the prime factors of l.
2
Let r(b) = -b - 2. What are the prime factors of r(-13)?
11
What are the prime factors of (60 - 1/1)*1?
59
Let i be ((-12)/(-5))/(2/(-10)). Suppose 0 = 2*z - 3*l + l + 4, -2*l + 6 = -3*z. What are the prime factors of -2 - i*z/(-2)?
2, 5
Let n(l) = -2*l**2 - 2*l + 1. Let i be n(-3). Let f = 0 - i. List the prime factors of f.
11
Suppose -3*v - 20 = 2*v, 3*o - v + 17 = 0. What are the prime factors of o*((-3 - 1) + -3)?
7
What are the prime factors of (95/15)/((-2)/(-102))?
17, 19
List the prime factors of (-1880)/(-28) + 2/(-28)*2.
67
Suppose 3*a - 61 - 65 = 0. Let f = -15 + a. List the prime factors of f.
3
Let t = 16 + -12. Let j(u) = u**3 + 8*u**2 + u + 4. Let h be j(-6). Suppose v = 5, 2*k + t*v + 28 - h = 0. List the prime factors of k.
11
Let g be 20/(-10)*6/(-4). Suppose 6 = -g*c + 3*j + 42, 3*c + 5*j + 4 = 0. List the prime factors of c.
7
Suppose 0 = 3*c + 3, 0 = 4*m - 2*c + 6 - 32. Let t(l) = -l**3 + 7*l**2 - 9*l + 4. Let f be t(m). Let h = -6 - f. List the prime factors of h.
2
List the prime factors of 662/5 - 12/150*5.
2, 3, 11
Suppose -4*u + 73 + 411 = 0. List the prime factors of u.
11
Let p(x) be the third derivative of x**5/30 - x**4/8 + x**3/6 - x**2. Let t(n) be the first derivative of p(n). List the prime factors of t(2).
5
Let p be -2*10/(-8)*2. Let d = p - 0. List the prime factors of d.
5
Let p(k) = 7*k**3 + 2*k**2 - k. Let f be p(1). Suppose -3*s + 4*s = 4*o - 15, -3*o + f = -4*s. List the prime factors of o.
2
Let k(d) = d**3 + 6*d**2 + 5*d + 4. Let u = -12 + 7. Let i be k(u). What are the prime factors of (-15)/(-2) - 2/i?
7
Let b = -8 - -7. List the prime factors of 0 - (-3 + 11)/b.
2
Let s = -69 + 159. What are the prime factors of s?
2, 3, 5
Let b = -191 - -283. List the prime factors of b.
2, 23
List the prime factors of (-79)/(-6) - (-3)/(-18).
13
Let l be (26/(-8))/(1/4). Let g be -2 - (0 - -2 - -2). Let c = g - l. What are the prime factors of c?
7
Suppose 2*y = 5 + 1. Let o(l) = -2 - 5*l - y + 5. What are the prime factors of o(-1)?
5
Let t(f) = 2*f. Let v be t(1). Suppose -v*a + 17 = -a. List the prime factors of a.
17
Suppose k = 2*k. Suppose -4*l = -2*j + 90, j + k*l - 35 = -3*l. List the prime factors of j.
41
Let m = -9 - -3. What are the prime factors of ((-52)/6)/(4/m)?
13
Suppose 100 = -14*o + 18*o. List the prime factors of o.
5
List the prime factors of 0 - 34*(-4)/8.
17
Suppose -15 = -5*s + 55. Let l be 4/s + (-64)/28. What are the prime factors of (-1)/l*-2*-10?
2, 5
Suppose r - 2 + 1 = 0. Suppose 0 = s + 6 + r. Let n = s + 10. List the prime factors of n.
3
Let j(m) = -m**3 - 4*m**2 - 2*m - 4. Let x be j(-4). Let v = -23 + x. Let w = v + 32. List the prime factors of w.
13
Let n = -30 + 95. Suppose -2*p + 22 = -2*y, -4*p - 2*y + 3 + n = 0. List the prime factors of p.
3, 5
Let n = -4 + 5. What are the prime factors of 13/n - (3 - 3)?
13
Let j = -9 + 14. Suppose -242 = -j*s - 27. What are the prime factors of s?
43
Let w(x) = -x**2 - 11*x - 9. Let a be w(-10). List the prime factors of a*5 + (2 - 4).
3
Suppose o + g - 19 = 0, -4*o = -o - 5*g - 41. Suppose -2*x - 2*w - 25 = x, x = 4*w + 1. Let t = x + o. List the prime factors of t.
2, 5
Let q be (-2)/(-10) + (-42)/(-15). Suppose n - 57 = -5*d + 2*n, q*n = -6. List the prime factors of d.
11
Let o(g) = 2*g - 13. Let n be o(9). Suppose 16 = n*b - 3*b. List the prime factors of b.
2
Suppose -94 + 294 = 2*g. What are the prime factors of g?
2, 5
Let p be (3/(-1))/(3/(-2)). Let z be 0 + (1 - p - -13). Suppose -o = o - z. What are the prime factors of o?
2, 3
Suppose 3*f = -0*f + 6. What are the prime factors of (-86)/(-7) - f/7?
2, 3
Let o be 76/5 - (-5)/(-25). Suppose -4*z + 3*t - 5 = 2, -5*t = o. Let g(x) = -x**3 - 3*x**2 + 2*x - 3. What are the prime factors of g(z)?
5
Let w be 39*((-2)/3)/(-2). Let v(a) = 5 + 4*a + a**2 - w*a + 0*a**2. List the prime factors of v(9).
5
Let h(y) = 38*y**3 - 1. Let c be h(1). Suppose 7 = t - 4*u, 4*u = -6*t + t - c. List the prime factors of t/((2 + -3)/1).
5
Let z(d) = d**3 - d**2 - 1. Let f(r) = -4*r**3 - 4*r**2 + r + 8. Let n(t) = -f(t) - 3*z(t). Let i be n(-7). What are the prime factors of i/4 - 76/(-8)?
2, 5
Suppose 0 = 5*c - 359 - 96. What are the prime factors of c?
7, 13
Suppose -2*t + 4 = -5*j - t, -4*t = -4*j. Suppose -5*n - 1 = -3*z, -3*n - 15 = z + 2*z. List the prime factors of (2 + 30/n)*j.
13
Let r(g) = g**3 + 22*g**2 + 18*g - 19. List the prime factors of r(-21).
2, 11
Let x(d) = 0 + 3 + d - 1. List the prime factors of x(5).
7
Let c(w) = -w + 2. Let p(s) = -s + 1. Let g(r) = c(r) - 3*p(r). List the prime factors of g(9).
17
Let b = -15 - -9. Suppose -4*m - 2*f + 10 + 34 = 0, -5*m = -3*f - 66. Let q = m + b. What are the prime factors of q?
2, 3
Let t(h) = -h**3 + 9*h**2 - 9*h - 7. Let u be t(8). Let y = 28 + u. List the prime factors of y.
13
Suppose -18 - 7 = 5*r. Let t = r - -9. Let o = t + -1. List the prime factors of o.
3
Let l(h) = 1 + 5*h**2 + 1 - 4*h**2 + h**2. What are the prime factors of l(-2)?
2, 5
Suppose 0 = -6*l + 3*l + 6. Suppose -2*t + l*o - 2 = o, -o + 2 = 2*t. Suppose t = n + n + 4*z + 4, 3*z - 6 = -3*n. List the prime factors of n.
2, 3
Let o = 272 + -169. List the prime factors of o.
103
Suppose -5*t = 5 - 0. Let y = 1 - t. What are the prime factors of y?
2
Let j(x) = 15*x + 3. Let n be j(-3). Let h = n - -61. What are the prime factors of h?
19
Let g be -1 + 14*2/4. Suppose 2*y = l - 9, -3*l + 5*y + 12 = -12. Let w = g - l. List the prime factors of w.
3
List the prime factors of 2/6 - (-574)/42.
2, 7
Let o(k) = -k**3 - 4*k**2 - 3. Let u be o(-4). What are the prime factors of 0 - u - 22/(-1)?
5
List the prime factors of 1*-43*(-13 + 5 - -6).
2, 43
Let w be (-135)/2 + 4/8. Let a = -41 - w. Let d = 46 - a. List the prime factors of d.
2, 5
Let a(x) be the third derivative of -x**6/720 + x**4/12 - x**2. Let c(y) be the second derivative of a(y). What are the prime factors of c(-2)?
2
Suppose -2*k + 23 - 7 = 2*d, -5*d + 70 = -k. Suppose -d = -m + 22. What are the prime factors of m?
5, 7
Suppose 4*s - 2*f - 2*f = 124, 4*f = 3*s - 96. What are the prime factors of s?
2, 7
Suppose -7*s + 2*s + 3*u + 34 = 0, 3*s + 4*u = 3. Suppose 0 = -m + 4*d + 36, m - s*m - 2*d = -90. List the prime factors of m.
2, 3
Suppose 4*t - 60 = -4*p, 0*t + t - p - 7 = 0. List the prime factors of t.
11
Let i be 12/42 + 354/(-14). Suppose y + 3*g = -3*y - 68, -51 = 3*y + 5*g. Let u = y - i. What are the prime factors of u?
2
Suppose 4*l = -l + 15. Let r(n) = l - 2 + n + 3 + n**2. What are the prime factors of r(-4)?
2
Let q = 67 - 94. Let s be 3/12 + q/(-4). Let u = s + -2. List the prime factors of u.
5
Let c(i) = -2*i**2 - 4*i - 2*i**3 + 0*i**3 + i**3 - 3 - i**2. Let z be c(-2). What are the prime factors of (z 